{"id":142,"date":"2021-11-16T11:56:53","date_gmt":"2021-11-16T09:56:53","guid":{"rendered":"http:\/\/www.archiv.org.lv\/lva60\/?page_id=142"},"modified":"2022-01-20T15:58:19","modified_gmt":"2022-01-20T13:58:19","slug":"par-izstadi","status":"publish","type":"page","link":"https:\/\/www.archiv.org.lv\/lva60\/index.php\/par-izstadi\/","title":{"rendered":"Par izst\u0101di"},"content":{"rendered":"\n<h2 class=\"wp-block-heading\"><strong>Izmantotie avoti<\/strong><\/h2>\n\n\n\n<p><strong>LNA Latvijas Valsts arh\u012bvs<\/strong><\/p>\n\n\n\n<p>LNA LVA F.500 &#8211; Valsts arh\u012bvu \u0123ener\u0101ldirekcija, Latvijas Valsts arh\u012bvs (1962-2010)<\/p>\n\n\n\n<p>LNA LVA F.1163 &#8211; Latvijas Republikas Ministru Padomes Galven\u0101 arh\u012bvu p\u0101rvalde (1940 &#8211; 1991)<\/p>\n\n\n\n<p><strong>LNA Latvijas Valsts Kinofotofonodokumentu arh\u012bvs<\/strong><\/p>\n\n\n\n<p>Video materi\u0101li &#8211; LNA_KFFDA_F8_2_4102, LNA_KFFDA_F2_1_6, LNA_KFFDA_F25_1_21<\/p>\n\n\n\n<p>Fotogr\u0101fijas &#8211; LNA_KFFDA_F198_1_63, LNA_KFFDA_F198_1_77, LNA_KFFDA_F1_4_33748, LNA_KFFDA_F1_4_54769, LNA_KFFDA_F1_4_96945, LNA_KFFDA_F1_4_121265, LNA_KFFDA_F57_1_64, LNA_KFFDA_F57_1_63, LNA_KFFDA_F57_1_62. <\/p>\n\n\n\n<p><strong>Citi avoti<\/strong><\/p>\n\n\n\n<p>Marta Re\u010da, ma\u0123istra darbs &#8220;Latvijas PSR Centr\u0101lais Valsts Oktobra revol\u016bcijas un soci\u0101listisk\u0101s celtniec\u012bbas arh\u012bvs (1961\u20131964)&#8221;, R\u0113zeknes Tehnolo\u0123iju akad\u0113mija, 2019.<\/p>\n\n\n\n<h2 class=\"wp-block-heading\">Izst\u0101di veidoja<\/h2>\n\n\n\n<p>Agnija Lesni\u010denoka, LNA Latvijas Valsts arh\u012bvs &#8211; dokumentu atlase, teksti, WEB izstr\u0101de, dizains.<\/p>\n\n\n\n<p>Marta Re\u010da, LNA Latvijas Valsts arh\u012bvs &#8211; dokumentu atlase, teksti.<\/p>\n\n\n\n<p>Toms T\u0101lbergs, LNA Latvijas Valsts arh\u012bvs &#8211; dokumentu atlase.<\/p>\n\n\n\n<p>Krist\u012bne Mateja, LNA Latvijas Valsts arh\u012bvs &#8211; dokumentu atlase.<\/p>\n\n\n\n<p>Ilze Ant\u0113na, Latvijas Nacion\u0101lais arh\u012bvs \u2013 tekstu redi\u0123\u0113\u0161ana.<\/p>\n\n\n\n<p>Ainars Mazv\u0113rs\u012btis, LNA Latvijas Valsts arh\u012bvs \u2013 WEB nodro\u0161in\u0101jums.<\/p>\n\n\n\n<p>Veidota WordPress, izmantojot Inspiro t\u0113mu.<\/p>\n","protected":false},"excerpt":{"rendered":"<p>Izmantotie avoti LNA Latvijas Valsts arh\u012bvs LNA LVA F.500 &#8211; Valsts arh\u012bvu \u0123ener\u0101ldirekcija, Latvijas Valsts arh\u012bvs (1962-2010) LNA LVA F.1163 &#8211; Latvijas Republikas Ministru Padomes Galven\u0101 arh\u012bvu p\u0101rvalde (1940 &#8211; 1991) LNA Latvijas Valsts Kinofotofonodokumentu arh\u012bvs Video materi\u0101li &#8211; LNA_KFFDA_F8_2_4102, LNA_KFFDA_F2_1_6, LNA_KFFDA_F25_1_21 Fotogr\u0101fijas &#8211; LNA_KFFDA_F198_1_63, LNA_KFFDA_F198_1_77, LNA_KFFDA_F1_4_33748, LNA_KFFDA_F1_4_54769, LNA_KFFDA_F1_4_96945, LNA_KFFDA_F1_4_121265, LNA_KFFDA_F57_1_64, LNA_KFFDA_F57_1_63, LNA_KFFDA_F57_1_62. Citi avoti &hellip; <\/p>\n<p class=\"link-more\"><a href=\"https:\/\/www.archiv.org.lv\/lva60\/index.php\/par-izstadi\/\" class=\"more-link\">Read more<span class=\"screen-reader-text\"> &#8220;Par izst\u0101di&#8221;<\/span><\/a><\/p>\n","protected":false},"author":1,"featured_media":0,"parent":0,"menu_order":0,"comment_status":"closed","ping_status":"closed","template":"","meta":{"footnotes":""},"class_list":["post-142","page","type-page","status-publish","hentry"],"_links":{"self":[{"href":"https:\/\/www.archiv.org.lv\/lva60\/index.php\/wp-json\/wp\/v2\/pages\/142","targetHints":{"allow":["GET"]}}],"collection":[{"href":"https:\/\/www.archiv.org.lv\/lva60\/index.php\/wp-json\/wp\/v2\/pages"}],"about":[{"href":"https:\/\/www.archiv.org.lv\/lva60\/index.php\/wp-json\/wp\/v2\/types\/page"}],"author":[{"embeddable":true,"href":"https:\/\/www.archiv.org.lv\/lva60\/index.php\/wp-json\/wp\/v2\/users\/1"}],"replies":[{"embeddable":true,"href":"https:\/\/www.archiv.org.lv\/lva60\/index.php\/wp-json\/wp\/v2\/comments?post=142"}],"version-history":[{"count":11,"href":"https:\/\/www.archiv.org.lv\/lva60\/index.php\/wp-json\/wp\/v2\/pages\/142\/revisions"}],"predecessor-version":[{"id":962,"href":"https:\/\/www.archiv.org.lv\/lva60\/index.php\/wp-json\/wp\/v2\/pages\/142\/revisions\/962"}],"wp:attachment":[{"href":"https:\/\/www.archiv.org.lv\/lva60\/index.php\/wp-json\/wp\/v2\/media?parent=142"}],"curies":[{"name":"wp","href":"https:\/\/api.w.org\/{rel}","templated":true}]}}